{"id":21,"date":"2026-02-04T12:36:48","date_gmt":"2026-02-04T12:36:48","guid":{"rendered":"https:\/\/numeralis.fi\/?page_id=21"},"modified":"2026-02-13T08:39:09","modified_gmt":"2026-02-13T08:39:09","slug":"etusivu","status":"publish","type":"page","link":"https:\/\/numeralis.fi\/","title":{"rendered":"Etusivu"},"content":{"rendered":"\n<blockquote class=\"wp-block-quote is-layout-flow wp-block-quote-is-layout-flow\">\n<h2 class=\"wp-block-heading has-text-align-center is-style-text-display has-accent-4-color has-text-color has-link-color has-large-font-size wp-elements-b8b46c8dffd50a108651317c9edd90db is-style-text-display--1\">Kun tarvitset apua ja osaamista numeroiden parissa, eip\u00e4 h\u00e4tt\u00e4\u00e4! Kysy meilt\u00e4.<\/h2>\n\n\n\n<h3 class=\"wp-block-heading has-text-align-center\"><strong>Palvelut pienyrityksille<\/strong><\/h3>\n<\/blockquote>\n\n\n\n<div class=\"wp-block-group has-global-padding is-layout-constrained wp-block-group-is-layout-constrained\">\n<div class=\"wp-block-group is-layout-grid wp-container-core-group-is-layout-3721f5f0 wp-block-group-is-layout-grid\">\n<div class=\"wp-block-group is-vertical is-layout-flex wp-container-core-group-is-layout-fe9cc265 wp-block-group-is-layout-flex\">\n<div class=\"wp-block-group has-global-padding is-layout-constrained wp-block-group-is-layout-constrained\">\n<div class=\"wp-block-group has-global-padding is-layout-constrained wp-block-group-is-layout-constrained\">\n<figure class=\"wp-block-gallery has-nested-images columns-default is-cropped wp-block-gallery-2 is-layout-flex wp-block-gallery-is-layout-flex\">\n<figure class=\"wp-block-image size-large wp-container-content-d0f1e62e\" style=\"margin-top:0;margin-right:0;margin-bottom:0;margin-left:0\"><img loading=\"lazy\" decoding=\"async\" width=\"1024\" height=\"683\" data-id=\"305\" src=\"https:\/\/numeralis.fi\/wp-content\/uploads\/2026\/02\/SAM_7274-1024x683.jpg\" alt=\"\" class=\"wp-image-305\" srcset=\"https:\/\/numeralis.fi\/wp-content\/uploads\/2026\/02\/SAM_7274-1024x683.jpg 1024w, https:\/\/numeralis.fi\/wp-content\/uploads\/2026\/02\/SAM_7274-300x200.jpg 300w, https:\/\/numeralis.fi\/wp-content\/uploads\/2026\/02\/SAM_7274-768x512.jpg 768w, https:\/\/numeralis.fi\/wp-content\/uploads\/2026\/02\/SAM_7274-1536x1024.jpg 1536w, https:\/\/numeralis.fi\/wp-content\/uploads\/2026\/02\/SAM_7274-2048x1365.jpg 2048w\" sizes=\"auto, (max-width: 1024px) 100vw, 1024px\" \/><\/figure>\n<\/figure>\n\n\n\n<div class=\"wp-block-group has-global-padding is-layout-constrained wp-block-group-is-layout-constrained\">\n<div class=\"wp-block-group has-global-padding is-layout-constrained wp-block-group-is-layout-constrained\">\n<h4 class=\"wp-block-heading has-text-align-center\"><a href=\"https:\/\/numeralis.fi\/index.php\/yritysten_talous\/\" data-type=\"page\" data-id=\"61\">Talouden suunnittelu ja johtaminen<\/a><\/h4>\n<\/div>\n<\/div>\n<\/div>\n<\/div>\n<\/div>\n\n\n\n<div class=\"wp-block-group is-vertical is-layout-flex wp-container-core-group-is-layout-e1300cac wp-block-group-is-layout-flex\">\n<div class=\"wp-block-group has-global-padding is-content-justification-center is-layout-constrained wp-block-group-is-layout-constrained\">\n<div class=\"wp-block-group has-global-padding is-layout-constrained wp-block-group-is-layout-constrained\">\n<figure class=\"wp-block-image size-large has-custom-border wp-container-content-d0f1e62e\" style=\"margin-top:0;margin-right:0;margin-bottom:0;margin-left:0\"><img loading=\"lazy\" decoding=\"async\" width=\"1024\" height=\"683\" src=\"https:\/\/numeralis.fi\/wp-content\/uploads\/2026\/02\/SAM_7268-1024x683.jpg\" alt=\"\" class=\"wp-image-300\" style=\"border-style:none;border-width:0px;border-top-left-radius:0px;border-top-right-radius:0px;border-bottom-left-radius:0px;border-bottom-right-radius:0px\" srcset=\"https:\/\/numeralis.fi\/wp-content\/uploads\/2026\/02\/SAM_7268-1024x683.jpg 1024w, https:\/\/numeralis.fi\/wp-content\/uploads\/2026\/02\/SAM_7268-300x200.jpg 300w, https:\/\/numeralis.fi\/wp-content\/uploads\/2026\/02\/SAM_7268-768x512.jpg 768w, https:\/\/numeralis.fi\/wp-content\/uploads\/2026\/02\/SAM_7268-1536x1024.jpg 1536w, https:\/\/numeralis.fi\/wp-content\/uploads\/2026\/02\/SAM_7268-2048x1365.jpg 2048w\" sizes=\"auto, (max-width: 1024px) 100vw, 1024px\" \/><\/figure>\n\n\n\n<div class=\"wp-block-group has-global-padding is-layout-constrained wp-block-group-is-layout-constrained\">\n<h4 class=\"wp-block-heading has-text-align-center\"><a href=\"https:\/\/numeralis.fi\/index.php\/tietoa-yrityksesta\/tiedonhallinta-ja-tyokalut\/\" data-type=\"page\" data-id=\"500\">Tiedonhallinta ja ty\u00f6kalut liiketoiminnan suunnitteluun<\/a><\/h4>\n<\/div>\n<\/div>\n<\/div>\n<\/div>\n<\/div>\n<\/div>\n\n\n\n<hr class=\"wp-block-separator has-text-color has-accent-3-color has-alpha-channel-opacity has-accent-3-background-color has-background\" style=\"margin-top:var(--wp--preset--spacing--40);margin-bottom:var(--wp--preset--spacing--40)\"\/>\n\n\n\n<div class=\"wp-block-group has-accent-5-background-color has-background has-global-padding is-layout-constrained wp-block-group-is-layout-constrained\">\n<div class=\"wp-block-group has-global-padding is-layout-constrained wp-block-group-is-layout-constrained\">\n<div class=\"wp-block-group is-nowrap is-layout-flex wp-container-core-group-is-layout-6c531013 wp-block-group-is-layout-flex\">\n<div style=\"height:100px;width:65px\" aria-hidden=\"true\" class=\"wp-block-spacer wp-container-content-630beb45\"><\/div>\n\n\n\n<h1 class=\"wp-block-heading has-text-align-left is-style-default\">Artikkelit<\/h1>\n<\/div>\n<\/div>\n\n\n\n<hr class=\"wp-block-separator has-text-color has-accent-3-color has-alpha-channel-opacity has-accent-3-background-color has-background\"\/>\n\n\n\n<div class=\"wp-block-query is-layout-flow wp-block-query-is-layout-flow\"><ul class=\"wp-block-post-template is-layout-flow wp-block-post-template-is-layout-flow\"><li class=\"wp-block-post post-590 post type-post status-publish format-standard has-post-thumbnail hentry category-yrityksen-johtaminen tag-johtaminen tag-liikkeenjohto tag-talous tag-yrittaja tag-yrittajyys\">\n\n<div class=\"wp-block-columns are-vertically-aligned-center is-layout-flex wp-container-core-columns-is-layout-28f84493 wp-block-columns-is-layout-flex\">\n<div class=\"wp-block-column is-vertically-aligned-center is-layout-flow wp-block-column-is-layout-flow\" style=\"flex-basis:25%\"><figure style=\"aspect-ratio:1;height:250px; margin-top:0;margin-bottom:0;margin-left:var(--wp--preset--spacing--60);margin-right:var(--wp--preset--spacing--60);\" class=\"wp-block-post-featured-image\"><a href=\"https:\/\/numeralis.fi\/index.php\/2026\/04\/13\/yrittaja-mihin-suuntaan-ohjaat-yritystasi\/\" target=\"_self\"  style=\"height:250px\"><img loading=\"lazy\" decoding=\"async\" width=\"963\" height=\"800\" src=\"https:\/\/numeralis.fi\/wp-content\/uploads\/2026\/04\/Somejulkaisu-Jack-lopullinen.jpg\" class=\"attachment-post-thumbnail size-post-thumbnail wp-post-image\" alt=\"Yritt\u00e4j\u00e4, mihin suuntaan ohjaat yrityst\u00e4si?\" style=\"border-style:none;border-width:0px;width:100%;height:100%;object-fit:cover;\" srcset=\"https:\/\/numeralis.fi\/wp-content\/uploads\/2026\/04\/Somejulkaisu-Jack-lopullinen.jpg 963w, https:\/\/numeralis.fi\/wp-content\/uploads\/2026\/04\/Somejulkaisu-Jack-lopullinen-300x249.jpg 300w, https:\/\/numeralis.fi\/wp-content\/uploads\/2026\/04\/Somejulkaisu-Jack-lopullinen-768x638.jpg 768w\" sizes=\"auto, (max-width: 963px) 100vw, 963px\" \/><\/a><\/figure><\/div>\n\n\n\n<div class=\"wp-block-column is-vertically-aligned-center is-layout-flow wp-block-column-is-layout-flow\" style=\"flex-basis:75%\">\n<div class=\"wp-block-group has-global-padding is-layout-constrained wp-block-group-is-layout-constrained\"><h2 style=\"margin-top:0;margin-bottom:0;margin-left:0;margin-right:0;\" class=\"wp-block-post-title\"><a href=\"https:\/\/numeralis.fi\/index.php\/2026\/04\/13\/yrittaja-mihin-suuntaan-ohjaat-yritystasi\/\" target=\"_self\" >Yritt\u00e4j\u00e4, mihin suuntaan ohjaat yrityst\u00e4si?<\/a><\/h2>\n\n<div class=\"wp-block-post-excerpt\"><p class=\"wp-block-post-excerpt__excerpt\">Ajatuksia ja ev\u00e4it\u00e4 suunnitelmallisempaan yrityksen johtamiseen. Oletko miettinyt omia toimintatapojasi ja ajatusprosessejasi? Onko sinulla tavoitteita yritystoiminnallesi? Ent\u00e4 miten p\u00e4\u00e4set tavoitteisiin? T\u00e4m\u00e4nkertaisessa kirjoituksessa pohditaan, mill\u00e4 tavoin yritt\u00e4j\u00e4 voi parantaa ajatteluty\u00f6t\u00e4\u00e4n yrityksen johtamisessa.<\/p><p class=\"wp-block-post-excerpt__more-text\"><a class=\"wp-block-post-excerpt__more-link\" href=\"https:\/\/numeralis.fi\/index.php\/2026\/04\/13\/yrittaja-mihin-suuntaan-ohjaat-yritystasi\/\">-Lue lis\u00e4\u00e4-<\/a><\/p><\/div>\n\n<div class=\"wp-block-post-date\"><time datetime=\"2026-04-13T12:15:28+00:00\">13 huhtikuun, 2026<\/time><\/div><\/div>\n<\/div>\n<\/div>\n\n<\/li><\/ul><\/div>\n<\/div>\n","protected":false},"excerpt":{"rendered":"<p>Kun tarvitset apua ja osaamista numeroiden parissa, eip\u00e4 h\u00e4tt\u00e4\u00e4! Kysy meilt\u00e4. Palvelut pienyrityksille Talouden suunnittelu ja johtaminen Tiedonhallinta ja ty\u00f6kalut liiketoiminnan suunnitteluun Artikkelit<\/p>\n","protected":false},"author":1,"featured_media":0,"parent":0,"menu_order":0,"comment_status":"closed","ping_status":"closed","template":"","meta":{"footnotes":""},"class_list":["post-21","page","type-page","status-publish","hentry"],"_links":{"self":[{"href":"https:\/\/numeralis.fi\/index.php\/wp-json\/wp\/v2\/pages\/21","targetHints":{"allow":["GET"]}}],"collection":[{"href":"https:\/\/numeralis.fi\/index.php\/wp-json\/wp\/v2\/pages"}],"about":[{"href":"https:\/\/numeralis.fi\/index.php\/wp-json\/wp\/v2\/types\/page"}],"author":[{"embeddable":true,"href":"https:\/\/numeralis.fi\/index.php\/wp-json\/wp\/v2\/users\/1"}],"replies":[{"embeddable":true,"href":"https:\/\/numeralis.fi\/index.php\/wp-json\/wp\/v2\/comments?post=21"}],"version-history":[{"count":45,"href":"https:\/\/numeralis.fi\/index.php\/wp-json\/wp\/v2\/pages\/21\/revisions"}],"predecessor-version":[{"id":526,"href":"https:\/\/numeralis.fi\/index.php\/wp-json\/wp\/v2\/pages\/21\/revisions\/526"}],"wp:attachment":[{"href":"https:\/\/numeralis.fi\/index.php\/wp-json\/wp\/v2\/media?parent=21"}],"curies":[{"name":"wp","href":"https:\/\/api.w.org\/{rel}","templated":true}]}}